?
False
Does 905 divide 87856514?
False
Is 2947840 a multiple of 235?
True
Does 1287 divide 77040946?
False
Is 19 a factor of 96001230?
False
Is 1242 a factor of 932671965?
False
Does 52 divide 3978204261?
False
Does 5 divide 197496793?
False
Is 68277333 a multiple of 44?
False
Does 472 divide 7581264?
True
Does 30 divide 1141950?
True
Is 45102360 a multiple of 136?
True
Is 13 a factor of 116888603?
True
Is 210 a factor of 308574771?
False
Is 14980940 a multiple of 13?
True
Is 1251940899 a multiple of 69?
True
Does 11 divide 660780890?
True
Does 14795 divide 1247188910?
True
Does 102 divide 59285358?
True
Is 1491274510 a multiple of 5?
True
Does 33 divide 88698869?
False
Is 392 a factor of 36470137?
False
Is 432 a factor of 364278816?
True
Is 409 a factor of 64820365?
True
Is 92719 a multiple of 15?
False
Does 1009 divide 26523791?
False
Does 596 divide 6520083252?
True
Does 174 divide 444496548?
False
Does 1178 divide 128518249?
False
Is 1276700964 a multiple of 61?
True
Does 7 divide 38987676?
True
Does 109 divide 24665629?
False
Is 1584 a factor of 23205600?
True
Is 821 a factor of 103302184?
False
Is 422 a factor of 25462033?
False
Is 641125422 a multiple of 54?
True
Is 1850 a factor of 10150950?
True
Is 146 a factor of 6033742?
True
Does 382 divide 2732812?
False
Does 706 divide 76334869?
False
Does 3396 divide 170876532?
True
Is 802858054 a multiple of 2170?
False
Is 161744773 a multiple of 633?
False
Is 386 a factor of 152910426?
True
Is 479 a factor of 276423236?
True
Does 5 divide 4366463?
False
Is 1967183816 a multiple of 103?
True
Does 45 divide 145523700?
True
Does 11 divide 12299331?
True
Is 25 a factor of 642706550?
True
Does 2251 divide 1403842562?
False
Is 18425290 a multiple of 1046?
True
Is 4320 a factor of 651609669?
False
Is 12859982 a multiple of 15?
False
Is 6239 a factor of 228255344?
False
Is 9 a factor of 3415436505?
True
Does 6 divide 87994084?
False
Is 22 a factor of 120156479?
False
Is 111095280 a multiple of 90?
True
Does 17 divide 41375684?
False
Does 67 divide 55271047?
True
Is 1996097747 a multiple of 15?
False
Is 101 a factor of 2743463?
True
Does 2764 divide 1470505492?
False
Is 22 a factor of 24872861?
False
Is 297888640 a multiple of 16?
True
Is 10093523 a multiple of 11?
True
Is 1774242789 a multiple of 18?
False
Is 3491630 a multiple of 170?
True
Does 4 divide 196389491?
False
Does 89 divide 9536528?
True
Does 16 divide 1056522080?
True
Does 8970 divide 1685027634?
False
Is 131030804 a multiple of 2164?
False
Does 209 divide 3581277282?
True
Is 139 a factor of 10973911?
True
Is 4941300 a multiple of 30?
True
Is 1039 a factor of 168596452?
True
Is 328591 a multiple of 1238?
False
Is 297146168 a multiple of 76?
True
Is 36 a factor of 102211848?
True
Is 56 a factor of 48392288?
True
Does 4 divide 913051?
False
Is 693 a factor of 4488561?
True
Is 535 a factor of 2447830318?
False
Does 42 divide 191573802?
True
Does 883 divide 183895346?
True
Is 206688166 a multiple of 14?
False
Is 5877 a factor of 4354915770?
True
Is 2892563864 a multiple of 188?
True
Is 9938292 a multiple of 21?
True
Does 70 divide 66358242?
False
Does 263 divide 4266479365?
True
Is 616119808 a multiple of 64?
True
Is 614 a factor of 26461011?
False
Does 658 divide 836069276?
True
Is 1252 a factor of 285407172?
True
Is 3763 a factor of 142658784?
False
Is 35 a factor of 90976670?
False
Is 47 a factor of 61637727?
True
Is 131405 a multiple of 28?
False
Is 535969707 a multiple of 12?
False
Is 146 a factor of 1918710234?
False
Is 992 a factor of 117185886?
False
Is 398605942 a multiple of 1303?
True
Is 602179360 a multiple of 2634?
False
Is 1140 a factor of 1169416?
False
Is 177390352 a multiple of 63?
False
Is 18 a factor of 44077867?
False
Is 1299 a factor of 30586808?
False
Is 159842919 a multiple of 746?
False
Is 87312705 a multiple of 246?
False
Is 277371360 a multiple of 144?
True
Does 12 divide 25315775?
False
Is 1734180794 a multiple of 841?
False
Is 32031825 a multiple of 1275?
True
Is 28 a factor of 4315836?
True
Is 1533054968 a multiple of 7997?
False
Does 272 divide 206263040?
True
Does 868 divide 224607958?
False
Is 104 a factor of 16389652?
False
Is 16 a factor of 3148921?
False
Is 413 a factor of 192637242?
True
Is 5 a factor of 125950328?
False
Does 876 divide 4529067168?
True
Does 534 divide 28628383?
False
Does 1234 divide 372535748?
False
Is 51 a factor of 197356824?
False
Does 611 divide 688450876?
False
Is 332 a factor of 178230216?
True
Is 51672799 a multiple of 4541?
False
Is 11 a factor of 162420874?
True
Does 23 divide 324913976?
False
Is 36481009 a multiple of 2?
False
Is 98 a factor of 48000003?
False
Is 520 a factor of 65036927?
False
Does 2 divide 1383359?
False
Is 810 a factor of 2059550550?
True
Is 90 a factor of 22504950?
True
Is 2373820634 a multiple of 633?
False
Does 2 divide 13657532?
True
Is 2 a factor of 13038093?
False
Is 16 a factor of 103667052?
False
Is 698887346 a multiple of 288?
False
Is 15757728 a multiple of 537?
True
Is 529190285 a multiple of 148?
False
Does 426 divide 3870855394?
False
Does 52 divide 46617411?
False
Does 1193 divide 22884126?
True
Is 9689869 a multiple of 4?
False
Is 221 a factor of 13721227?
True
Is 45 a factor of 125381781?
False
Does 7 divide 3150650?
False
Is 959098964 a multiple of 5906?
True
Is 83 a factor of 2197780942?
False
Does 4314 divide 77824560?
True
Does 7 divide 13648814?
False
Is 108741709 a multiple of 11?
False
Is 3162838528 a multiple of 13?
False
Is 3839435 a multiple of 180?
False
Is 777103660 a multiple of 35?
False
Is 8 a factor of 1208994664?
True
Is 180 a factor of 320668920?
True
Does 101 divide 123130126?
False
Is 5 a factor of 222028500?
True
Is 192 a factor of 899297?
False
Is 32 a factor of 156797152?
True
Does 10 divide 482185?
False
Is 6833719 a multiple of 84?
False
Is 15511718 a multiple of 35?
False
Does 42 divide 77701842?
False
Is 169489533 a multiple of 29?
False
Does 6797 divide 184456986?
True
Does 23 divide 29922575?
False
Is 570091634 a multiple of 259?
True
Does 4 divide 156329053?
False
Is 46609280 a multiple of 38?
True
Is 409109211 a multiple of 22?
False
Is 72 a factor of 53169336?
True
Does 1337 divide 952261102?
False
Is 102609 a multiple of 9?
True
Is 10609758 a multiple of 2562?
False
Is 537727 a multiple of 2?
False
Is 57841458 a multiple of 46?
True
Is 569 a factor of 54482512?
False
Is 1199423992 a multiple of 754?
True
Is 94981684 a multiple of 532?
True
Is 928142 a multiple of 64?
False
Is 280 a factor of 65297400?
True
Does 3274 divide 193039966?
False
Is 4 a factor of 278436596?
True
Does 46 divide 50779519?
False
Is 56 a factor of 50984304?
True
Is 20 a factor of 97118438?
False
Does 7167 divide 191152964?
False
Is 14826784 a multiple of 145?
False
Does 106 divide 127963518?
True
Is 42123670 a multiple of 429?
False
Is 10296985 a multiple of 52?
False
Is 53158707 a multiple of 301?
True
Does 277 divide 16523881?
True
Does 2767 divide 971200388?
False
Is 20590740 a multiple of 180?
True
Does 38 divide 22321428?
True
Is 4 a factor of 57634660?
True
Is 48 a factor of 180867408?
True
Is 63 a factor of 133014357?
True
Is 80885794 a multiple of 107?
True
Does 85 divide 108876855?
False
Is 45 a factor of 8617590?
True
Is 14 a factor of 90863858?
False
Is 3372 a factor of 128855818?
False
Is 47 a factor of 953098967?
False
Does 5 divide 13757637?
False
Is 527217107 a multiple of 17?
True
Is 29199350 a multiple of 25?
True
Is 84099785 a multiple of 11?
True
Does 1012 divide 23893320?
True
Is 130586847 a multiple of 23?
True
Is 17 a factor of 1410211387?
True
Does 10293 divide 4434203814?
True
Does 18 divide 8339503791?
False
Is 3340578131 a multiple of 5729?
False
Is 31009160 a multiple of 104?
True
Is 14007848 a multiple of 743?
False
Does 86 divide 62710983?
False
Does 30 divide 1800182637?
False
Is 221046300 a multiple of 108?
True
Is 150 a factor of 314847236?
False
Is 118721013 a multiple of 141?
True
Does 120 divide 12135480?
True
Is 356461920 a multiple of 185?
False
Is 3694 a factor of 2341996?
True
Is 39 a factor of 8349900?
True
Does 6 divide 11407320?
True
Is 3281838960 a multiple of 12?
True
Does 82 divide 24572042?
False
Does 168 divide 407841629?
False
Does 356 divide 55356906?
False
Does 298 divide 6078474?
Fa